{"id":208,"date":"2023-02-16T12:51:50","date_gmt":"2023-02-16T15:51:50","guid":{"rendered":"https:\/\/hubox.online\/homologacao\/apras\/?page_id=208"},"modified":"2026-04-13T14:57:55","modified_gmt":"2026-04-13T17:57:55","slug":"programacao","status":"publish","type":"page","link":"https:\/\/apras.org.br\/expoapras\/programacao\/","title":{"rendered":"Programa\u00e7\u00e3o"},"content":{"rendered":"","protected":false},"excerpt":{"rendered":"","protected":false},"author":1,"featured_media":0,"parent":0,"menu_order":0,"comment_status":"closed","ping_status":"closed","template":"page-programacao.php","meta":{"footnotes":""},"class_list":["post-208","page","type-page","status-publish","hentry"],"yoast_head":"<!-- This site is optimized with the Yoast SEO plugin v27.2 - https:\/\/yoast.com\/product\/yoast-seo-wordpress\/ -->\n<title>Programa\u00e7\u00e3o - EXPOAPRAS<\/title>\n<meta name=\"robots\" content=\"index, follow, max-snippet:-1, max-image-preview:large, max-video-preview:-1\" \/>\n<link rel=\"canonical\" href=\"https:\/\/apras.org.br\/expoapras\/programacao\/\" \/>\n<meta property=\"og:locale\" content=\"pt_BR\" \/>\n<meta property=\"og:type\" content=\"article\" \/>\n<meta property=\"og:title\" content=\"Programa\u00e7\u00e3o - EXPOAPRAS\" \/>\n<meta property=\"og:url\" content=\"https:\/\/apras.org.br\/expoapras\/programacao\/\" \/>\n<meta property=\"og:site_name\" content=\"EXPOAPRAS\" \/>\n<meta property=\"article:modified_time\" content=\"2026-04-13T17:57:55+00:00\" \/>\n<meta name=\"twitter:card\" content=\"summary_large_image\" \/>\n<script type=\"application\/ld+json\" class=\"yoast-schema-graph\">{\"@context\":\"https:\/\/schema.org\",\"@graph\":[{\"@type\":\"WebPage\",\"@id\":\"https:\/\/apras.org.br\/expoapras\/programacao\/\",\"url\":\"https:\/\/apras.org.br\/expoapras\/programacao\/\",\"name\":\"Programa\u00e7\u00e3o - EXPOAPRAS\",\"isPartOf\":{\"@id\":\"https:\/\/apras.org.br\/expoapras\/#website\"},\"datePublished\":\"2023-02-16T15:51:50+00:00\",\"dateModified\":\"2026-04-13T17:57:55+00:00\",\"breadcrumb\":{\"@id\":\"https:\/\/apras.org.br\/expoapras\/programacao\/#breadcrumb\"},\"inLanguage\":\"pt-BR\",\"potentialAction\":[{\"@type\":\"ReadAction\",\"target\":[\"https:\/\/apras.org.br\/expoapras\/programacao\/\"]}]},{\"@type\":\"BreadcrumbList\",\"@id\":\"https:\/\/apras.org.br\/expoapras\/programacao\/#breadcrumb\",\"itemListElement\":[{\"@type\":\"ListItem\",\"position\":1,\"name\":\"In\u00edcio\",\"item\":\"https:\/\/apras.org.br\/expoapras\/\"},{\"@type\":\"ListItem\",\"position\":2,\"name\":\"Programa\u00e7\u00e3o\"}]},{\"@type\":\"WebSite\",\"@id\":\"https:\/\/apras.org.br\/expoapras\/#website\",\"url\":\"https:\/\/apras.org.br\/expoapras\/\",\"name\":\"ExpoApras\",\"description\":\"Inova\u00e7\u00e3o e tecnologia conectando gera\u00e7\u00f5es\",\"publisher\":{\"@id\":\"https:\/\/apras.org.br\/expoapras\/#organization\"},\"potentialAction\":[{\"@type\":\"SearchAction\",\"target\":{\"@type\":\"EntryPoint\",\"urlTemplate\":\"https:\/\/apras.org.br\/expoapras\/?s={search_term_string}\"},\"query-input\":{\"@type\":\"PropertyValueSpecification\",\"valueRequired\":true,\"valueName\":\"search_term_string\"}}],\"inLanguage\":\"pt-BR\"},{\"@type\":\"Organization\",\"@id\":\"https:\/\/apras.org.br\/expoapras\/#organization\",\"name\":\"APRAS - Associa\u00e7\u00e3o Paranaense de Supermercados\",\"url\":\"https:\/\/apras.org.br\/expoapras\/\",\"logo\":{\"@type\":\"ImageObject\",\"inLanguage\":\"pt-BR\",\"@id\":\"https:\/\/apras.org.br\/expoapras\/#\/schema\/logo\/image\/\",\"url\":\"https:\/\/www.apras.org.br\/expoapras\/wp-content\/uploads\/2023\/05\/logo-destaque.png\",\"contentUrl\":\"https:\/\/www.apras.org.br\/expoapras\/wp-content\/uploads\/2023\/05\/logo-destaque.png\",\"width\":591,\"height\":112,\"caption\":\"APRAS - Associa\u00e7\u00e3o Paranaense de Supermercados\"},\"image\":{\"@id\":\"https:\/\/apras.org.br\/expoapras\/#\/schema\/logo\/image\/\"},\"sameAs\":[\"https:\/\/www.instagram.com\/expoapras\/\"]}]}<\/script>\n<!-- \/ Yoast SEO plugin. -->","yoast_head_json":{"title":"Programa\u00e7\u00e3o - EXPOAPRAS","robots":{"index":"index","follow":"follow","max-snippet":"max-snippet:-1","max-image-preview":"max-image-preview:large","max-video-preview":"max-video-preview:-1"},"canonical":"https:\/\/apras.org.br\/expoapras\/programacao\/","og_locale":"pt_BR","og_type":"article","og_title":"Programa\u00e7\u00e3o - EXPOAPRAS","og_url":"https:\/\/apras.org.br\/expoapras\/programacao\/","og_site_name":"EXPOAPRAS","article_modified_time":"2026-04-13T17:57:55+00:00","twitter_card":"summary_large_image","schema":{"@context":"https:\/\/schema.org","@graph":[{"@type":"WebPage","@id":"https:\/\/apras.org.br\/expoapras\/programacao\/","url":"https:\/\/apras.org.br\/expoapras\/programacao\/","name":"Programa\u00e7\u00e3o - EXPOAPRAS","isPartOf":{"@id":"https:\/\/apras.org.br\/expoapras\/#website"},"datePublished":"2023-02-16T15:51:50+00:00","dateModified":"2026-04-13T17:57:55+00:00","breadcrumb":{"@id":"https:\/\/apras.org.br\/expoapras\/programacao\/#breadcrumb"},"inLanguage":"pt-BR","potentialAction":[{"@type":"ReadAction","target":["https:\/\/apras.org.br\/expoapras\/programacao\/"]}]},{"@type":"BreadcrumbList","@id":"https:\/\/apras.org.br\/expoapras\/programacao\/#breadcrumb","itemListElement":[{"@type":"ListItem","position":1,"name":"In\u00edcio","item":"https:\/\/apras.org.br\/expoapras\/"},{"@type":"ListItem","position":2,"name":"Programa\u00e7\u00e3o"}]},{"@type":"WebSite","@id":"https:\/\/apras.org.br\/expoapras\/#website","url":"https:\/\/apras.org.br\/expoapras\/","name":"ExpoApras","description":"Inova\u00e7\u00e3o e tecnologia conectando gera\u00e7\u00f5es","publisher":{"@id":"https:\/\/apras.org.br\/expoapras\/#organization"},"potentialAction":[{"@type":"SearchAction","target":{"@type":"EntryPoint","urlTemplate":"https:\/\/apras.org.br\/expoapras\/?s={search_term_string}"},"query-input":{"@type":"PropertyValueSpecification","valueRequired":true,"valueName":"search_term_string"}}],"inLanguage":"pt-BR"},{"@type":"Organization","@id":"https:\/\/apras.org.br\/expoapras\/#organization","name":"APRAS - Associa\u00e7\u00e3o Paranaense de Supermercados","url":"https:\/\/apras.org.br\/expoapras\/","logo":{"@type":"ImageObject","inLanguage":"pt-BR","@id":"https:\/\/apras.org.br\/expoapras\/#\/schema\/logo\/image\/","url":"https:\/\/www.apras.org.br\/expoapras\/wp-content\/uploads\/2023\/05\/logo-destaque.png","contentUrl":"https:\/\/www.apras.org.br\/expoapras\/wp-content\/uploads\/2023\/05\/logo-destaque.png","width":591,"height":112,"caption":"APRAS - Associa\u00e7\u00e3o Paranaense de Supermercados"},"image":{"@id":"https:\/\/apras.org.br\/expoapras\/#\/schema\/logo\/image\/"},"sameAs":["https:\/\/www.instagram.com\/expoapras\/"]}]}},"_links":{"self":[{"href":"https:\/\/apras.org.br\/expoapras\/wp-json\/wp\/v2\/pages\/208","targetHints":{"allow":["GET"]}}],"collection":[{"href":"https:\/\/apras.org.br\/expoapras\/wp-json\/wp\/v2\/pages"}],"about":[{"href":"https:\/\/apras.org.br\/expoapras\/wp-json\/wp\/v2\/types\/page"}],"author":[{"embeddable":true,"href":"https:\/\/apras.org.br\/expoapras\/wp-json\/wp\/v2\/users\/1"}],"replies":[{"embeddable":true,"href":"https:\/\/apras.org.br\/expoapras\/wp-json\/wp\/v2\/comments?post=208"}],"version-history":[{"count":525,"href":"https:\/\/apras.org.br\/expoapras\/wp-json\/wp\/v2\/pages\/208\/revisions"}],"predecessor-version":[{"id":2120,"href":"https:\/\/apras.org.br\/expoapras\/wp-json\/wp\/v2\/pages\/208\/revisions\/2120"}],"wp:attachment":[{"href":"https:\/\/apras.org.br\/expoapras\/wp-json\/wp\/v2\/media?parent=208"}],"curies":[{"name":"wp","href":"https:\/\/api.w.org\/{rel}","templated":true}]}}

Programação

<!-- This site is optimized with the Yoast SEO plugin v27.2 - https://yoast.com/product/yoast-seo-wordpress/ -->
<title>Programação - EXPOAPRAS</title>
<meta name="robots" content="index, follow, max-snippet:-1, max-image-preview:large, max-video-preview:-1" />
<link rel="canonical" href="https://apras.org.br/expoapras/programacao/" />
<meta property="og:locale" content="pt_BR" />
<meta property="og:type" content="article" />
<meta property="og:title" content="Programação - EXPOAPRAS" />
<meta property="og:url" content="https://apras.org.br/expoapras/programacao/" />
<meta property="og:site_name" content="EXPOAPRAS" />
<meta property="article:modified_time" content="2026-04-13T17:57:55+00:00" />
<meta name="twitter:card" content="summary_large_image" />
<script type="application/ld+json" class="yoast-schema-graph">{"@context":"https://schema.org","@graph":[{"@type":"WebPage","@id":"https://apras.org.br/expoapras/programacao/","url":"https://apras.org.br/expoapras/programacao/","name":"Programação - EXPOAPRAS","isPartOf":{"@id":"https://apras.org.br/expoapras/#website"},"datePublished":"2023-02-16T15:51:50+00:00","dateModified":"2026-04-13T17:57:55+00:00","breadcrumb":{"@id":"https://apras.org.br/expoapras/programacao/#breadcrumb"},"inLanguage":"pt-BR","potentialAction":[{"@type":"ReadAction","target":["https://apras.org.br/expoapras/programacao/"]}]},{"@type":"BreadcrumbList","@id":"https://apras.org.br/expoapras/programacao/#breadcrumb","itemListElement":[{"@type":"ListItem","position":1,"name":"Início","item":"https://apras.org.br/expoapras/"},{"@type":"ListItem","position":2,"name":"Programação"}]},{"@type":"WebSite","@id":"https://apras.org.br/expoapras/#website","url":"https://apras.org.br/expoapras/","name":"ExpoApras","description":"Inovação e tecnologia conectando gerações","publisher":{"@id":"https://apras.org.br/expoapras/#organization"},"potentialAction":[{"@type":"SearchAction","target":{"@type":"EntryPoint","urlTemplate":"https://apras.org.br/expoapras/?s={search_term_string}"},"query-input":{"@type":"PropertyValueSpecification","valueRequired":true,"valueName":"search_term_string"}}],"inLanguage":"pt-BR"},{"@type":"Organization","@id":"https://apras.org.br/expoapras/#organization","name":"APRAS - Associação Paranaense de Supermercados","url":"https://apras.org.br/expoapras/","logo":{"@type":"ImageObject","inLanguage":"pt-BR","@id":"https://apras.org.br/expoapras/#/schema/logo/image/","url":"https://www.apras.org.br/expoapras/wp-content/uploads/2023/05/logo-destaque.png","contentUrl":"https://www.apras.org.br/expoapras/wp-content/uploads/2023/05/logo-destaque.png","width":591,"height":112,"caption":"APRAS - Associação Paranaense de Supermercados"},"image":{"@id":"https://apras.org.br/expoapras/#/schema/logo/image/"},"sameAs":["https://www.instagram.com/expoapras/"]}]}</script>
<!-- / Yoast SEO plugin. -->

Programação - EXPOAPRAS

Início

Inovação e tecnologia conectando gerações

APRAS - Associação Paranaense de Supermercados
